be k(12). Let y = -64 + t. What is the tens digit of y?
4
Let m be (-3)/(3/(-127)) + (15 - 14). What is the units digit of 1 + (-25)/5 + m?
4
Let t(o) be the second derivative of 17*o**4/6 + o**3/2 + o**2/2 - 6*o. What is the hundreds digit of t(-2)?
1
Let o = -39 - -43. Suppose 5*c - 352 = -4*v, -3*c = 2*v - o*v + 154. What is the tens digit of v?
8
Let w(o) = 2*o + 53. Let i be w(0). Suppose 253 + i = 3*u. What is the units digit of u?
2
Let v(g) = -6*g + 12. Let r be v(11). Let x = 38 - r. Suppose -5*c + 98 = -4*f, -5*c + 4*f = 3*f - x. What is the tens digit of c?
1
Let p(d) = d**3 + 7*d**2 + 6*d + 2. Let i be p(-6). Let h(z) = -2*z + i*z + 1 - 15*z. What is the units digit of h(-1)?
6
Let p be 34*14 + (-2 - -6). Suppose 8*u + 0*u = p. What is the tens digit of u?
6
Suppose 6*c = 5*c + 1. What is the units digit of ((-3)/1)/c + 22?
9
Let h = 150 + 434. What is the tens digit of h?
8
Let w be (0 + -1)*(6 + -8). Let n(h) be the third derivative of h**6/30 - h**5/60 - h**4/8 + h**3/3 - 3*h**2. What is the tens digit of n(w)?
2
Let c(g) = g**3 - 29*g**2 - 44*g - 41. What is the hundreds digit of c(31)?
5
Let a(i) = 17*i**2 - 2*i - 1. Let o be a(-1). Let n be (9/o)/((-2)/(-20)). Suppose 5*h + 0*r = r + 236, 4*r + 239 = n*h. What is the tens digit of h?
4
Let v = 7 - 5. Suppose -v*x + 52 = -26. What is the units digit of x?
9
Suppose 3*o - o - 16 = 0. Let l(j) = j**2 - 8*j. Let f be l(o). What is the units digit of f - 4 - -13 - 3?
6
Suppose k - 2*w = 1979, 0 = -k + 18*w - 19*w + 1967. What is the tens digit of k?
7
What is the hundreds digit of -5 + (1 - -311 - (-1)/(-1))?
3
Suppose -u - 2 = w + 1, w = 3*u + 1. What is the tens digit of 11*(70/w)/(-5)?
7
Let x(n) = -3*n**3 + 16*n**2 - 14*n + 15. Let c be x(10). What is the units digit of (c/5)/(-5) + 1?
2
Let t(m) = -m - 1. Let l be t(-4). Suppose -92 = -l*g + 94. What is the units digit of g?
2
Suppose -11*v + 12*v + 10 = 0. What is the units digit of v/15 - (-2 - 311/3)?
5
What is the hundreds digit of (6/5)/((-8)/(-3700) + 0)?
5
Let j be 24*2/8*116/3. Let c = 434 - j. What is the units digit of c?
2
Let j = 7 - 4. Suppose 4*f - 2*f - 399 = j*y, 0 = -2*f + y + 389. What is the tens digit of f?
9
Let j = 1365 - 366. What is the hundreds digit of j?
9
Suppose -4*g + 3*g = -3*j + 49, -2*j = 4*g - 42. What is the tens digit of j?
1
Let h(a) = -8*a + 1. Let p = -7 - -31. Suppose -2*n = 3*g + p, 3*g + 5*n + 11 = -13. What is the tens digit of h(g)?
6
Let f = 82 + -48. Let c be (-8)/(-22)*99/18. Let y = f + c. What is the units digit of y?
6
Let b(j) = j**3 + 58*j**2 - 47*j + 316. What is the units digit of b(-58)?
2
Let r(t) = -6*t**3 - 9*t**2 - 28*t - 2. What is the hundreds digit of r(-4)?
3
Suppose 8*g - 1664 - 4976 = 0. Suppose -g = 16*v - 5182. What is the units digit of v?
2
Let w = 38 + -36. Suppose -80 + 248 = w*n. What is the units digit of n?
4
Let w = 102 + -21. What is the units digit of (1 + -3)/(-2)*w?
1
Let r(y) = -31*y - 20. What is the tens digit of r(-30)?
1
Let r(j) = j**2 - 6*j - 6. Let b(m) = -m + 22. Let i be b(15). Let x be r(i). What is the units digit of (65/10)/(x/8)?
2
Let d(w) = 5*w**3 + 11 - 4*w**3 - 2*w**3 + 8*w - 5*w**2. What is the tens digit of d(-7)?
5
Suppose 8*g - 11*g + 18 = 0. Suppose 1 = l, -q + g*q + 11 = l. What is the units digit of (-15)/q*(-8)/(-5)?
2
Suppose -170*i = -143*i - 6912. What is the tens digit of i?
5
Let w(n) = -n**3 - 28*n**2 + 27*n - 15. Let z be -32 - (1 - 4 - 0). What is the units digit of w(z)?
3
Let l be 3/(3/326)*1/(-2). What is the tens digit of (5 + l)*1/(-2) + -1?
7
Let f(d) = -9*d**2 - 3*d + 2. Let s(m) = 8*m**2 + 2*m - 2. Let q(h) = 4*f(h) + 5*s(h). Let g be 1/(-4) - 52/(-16). What is the units digit of q(g)?
8
Let i = 1165 - -2228. What is the tens digit of i?
9
Let x be -1 - (0 + 8/4). Let c = x - -7. What is the tens digit of -49*(3 - c) - 4?
4
Let z(w) = 2*w. Suppose 2*k - 24 = 2*d - k, d = 3*k - 15. Let t(h) = h**3 + 10*h**2 + 9*h + 3. Let v be t(d). What is the units digit of z(v)?
6
Let c(h) = h**3 - 9*h**2 - 20*h - 2. Let p be c(11). Suppose -25 - p = -f. What is the tens digit of f?
4
Suppose 4*m = -1 - 11. What is the tens digit of 1/(-1)*1 - m*22?
6
Let i = 763 - -531. What is the units digit of i?
4
Suppose 7*g - 2 = -y + 4*g, -27 = -5*y + 2*g. Let r = 62 - -28. Suppose 4*s = 2*f - r, -7*s + 2*s = -y*f + 205. What is the units digit of f?
7
Suppose 0 = -2*p + 4*o + 1399 + 521, -5*p = 5*o - 4845. What is the units digit of p?
6
Let l = -13 - -16. Suppose 5*f + 1 = -3*w, -l*f - 2*f = 5*w + 15. What is the units digit of (-1)/(((-14)/(-32))/w)?
6
Suppose 0*z - 3*z + 5*o = -15, -5*o = 15. Let u = z + 10. Let c = u - 4. What is the units digit of c?
6
Suppose 0*g = -4*g - 152. Let i = -24 - g. Suppose -i - 10 = -b. What is the tens digit of b?
2
Let d = 156 - 357. Let x = -36 - d. What is the units digit of x?
5
Suppose 3*o - 4*o = -24. What is the units digit of 1048/o - 1/(-3)?
4
Let t = 423 - 380. What is the tens digit of t?
4
Let p(g) be the third derivative of -g**4/12 - g**3/6 - 7*g**2. Let k be -13 - -3 - (2 - 1). What is the units digit of p(k)?
1
Let m(k) = -75*k + 2. Let r be m(-5). Suppose -4*d - g + 0*g = 20, 0 = -2*d - 2*g - 4. What is the tens digit of (-2)/d + r/39?
1
Let o(q) be the first derivative of 4*q**3/3 + 6*q**2 + 4*q - 8. Let h(z) = z**3 + 4*z**2 + z - 1. Let t be h(-4). What is the units digit of o(t)?
4
Let y(r) = -3 - r - r - 2 - 2*r + 3*r**2. Let o be y(-5). Suppose -21*g = -18*g - o. What is the units digit of g?
0
Suppose 2*h + 2*z - 164 = -2*h, -3*z - 114 = -3*h. What is the tens digit of 2/(-5) - (-2816)/h?
7
Suppose 0 = -12*w + 980 + 988. What is the hundreds digit of w?
1
Let p = -565 - -1162. What is the hundreds digit of p?
5
Let y be (-2 + (-4)/(-12))*-3. Suppose -4*z - 8 = -4*a, 4*z = -y*a + 3*z + 22. Suppose 2*o = -3*k + 20, -2*k + 10 = k + a*o. What is the tens digit of k?
1
Let a(b) be the second derivative of 22*b**3/3 + b**2/2 - 9*b. What is the tens digit of a(1)?
4
Suppose -23*a = 22*a - 74880. What is the tens digit of a?
6
Suppose 0 = -18*g + 13*g + 30. What is the tens digit of (g/9 - (-362)/6) + -4?
5
What is the hundreds digit of ((-455)/273)/(1180/1182 + -1)?
9
Let z be (0 + (3 - 2))*(-3)/3. What is the units digit of (-17)/(((z/5)/(-1))/(-1))?
5
Let r = -45 - -183. Suppose -5*h - 8 = c - r, 4*c - 5*h = 445. What is the units digit of c?
5
Let q = -3219 - -6592. What is the units digit of q?
3
Suppose 4*g + k = 8175, -6*g = -10*g - 3*k + 8165. What is the tens digit of g?
4
Suppose 2*r + 7*q = 2*q + 27, 0 = 2*r + 3*q - 25. What is the units digit of r/(-44) + 193/4?
8
Suppose -5*x - 73 = -658. Suppose 3*v - x = -d, 2*v - 36 = -d + 43. What is the units digit of v?
8
Suppose -4*g = g - 10. Suppose 0 = -s + g. Let q(o) = 11*o - 3. What is the tens digit of q(s)?
1
Let g = 6 - 6. Let s = 19 - -81. What is the tens digit of s/4 - (g - -1)?
2
Let n(v) be the first derivative of 3*v**2/2 - v + 5. Let u be n(1). Suppose 41 = u*h + r, 0 = -2*h - 2*h + 3*r + 107. What is the units digit of h?
3
Suppose -16951 = -4*t + w, -1760 - 2462 = -t - 5*w. What is the units digit of t?
7
Suppose a - 19 = -0*a. Suppose 0 = 3*l - 12, -2*v + 5*l - 1 = a. Suppose 2*t - 19 = -b, v*b = 2*b + 3*t - 38. What is the units digit of b?
9
Suppose -20*x = -18*x - 1016. What is the hundreds digit of x?
5
Let j(y) be the third derivative of y**6/120 - y**5/30 - y**4/3 + y**3/3 + 3*y**2. What is the units digit of j(5)?
7
Let t = -113 - -754. What is the units digit of t?
1
Let g(v) = v**3 + 14*v**2 - v - 11. Let n be g(-14). Let k = n - 0. Suppose o + 110 = 2*d + k*d, -3*d + 3*o = -54. What is the units digit of d?
3
What is the tens digit of (-4 - 32684/(-28)) + 2/(-7)?
6
Suppose -10*g = -374 - 976. What is the tens digit of g?
3
Let o = 4 + -6. What is the units digit of ((-63)/2 - -1)*o?
1
Let x = 2004 + -707. What is the tens digit of x?
9
Suppose 36 = 4*a - 2*a. Suppose -8*b + 23*b - 390 = 0. Let t = b - a. What is the units digit of t?
8
Let m = 35 + -7. Suppose -2*r + m = -2. Suppose -a + 5*y = -6*a + r, 3*a = -2*y + 11. What is the units digit of a?
5
Let d be (-3)/2*(-428)/6. Suppose 0 = -3*y + 9, 115 = 3*a + 5*y - d. What is the tens digit of a?
6
Let o be 0/(3/1 - 4). Suppose o = -4*n + n +